{"id":9270,"date":"2026-06-02T11:35:41","date_gmt":"2026-06-02T09:35:41","guid":{"rendered":"https:\/\/youday.hu\/?page_id=9270"},"modified":"2026-08-17T11:18:59","modified_gmt":"2026-08-17T09:18:59","slug":"we-are-the-world-experience","status":"publish","type":"page","link":"https:\/\/youday.hu\/en\/we-are-the-world-experience\/","title":{"rendered":"We are the World Experience"},"content":{"rendered":"\t\t<div data-elementor-type=\"wp-page\" data-elementor-id=\"9270\" class=\"elementor elementor-9270\" data-elementor-post-type=\"page\">\n\t\t\t\t<div class=\"elementor-element elementor-element-12a4720 e-flex e-con-boxed e-con e-parent\" data-id=\"12a4720\" data-element_type=\"container\" data-e-type=\"container\" data-settings=\"{&quot;background_background&quot;:&quot;classic&quot;}\">\n\t\t\t\t\t<div class=\"e-con-inner\">\n\t\t\t\t<div class=\"elementor-element elementor-element-3d00190 elementor-widget elementor-widget-heading\" data-id=\"3d00190\" data-element_type=\"widget\" data-e-type=\"widget\" data-widget_type=\"heading.default\">\n\t\t\t\t\t<h2 class=\"elementor-heading-title elementor-size-default\">Be Part of \u201cWe Are the World\u201d at yoUDay 2026<\/h2>\t\t\t\t<\/div>\n\t\t\t\t<div class=\"elementor-element elementor-element-6050f62 elementor-widget-divider--separator-type-pattern elementor-widget-divider--no-spacing elementor-widget-divider--view-line elementor-widget elementor-widget-divider\" data-id=\"6050f62\" data-element_type=\"widget\" data-e-type=\"widget\" data-widget_type=\"divider.default\">\n\t\t\t\t\t\t\t<div class=\"elementor-divider\" style=\"--divider-pattern-url: url(&quot;data:image\/svg+xml,%3Csvg xmlns=&#039;http:\/\/www.w3.org\/2000\/svg&#039; preserveAspectRatio=&#039;xMidYMid meet&#039; overflow=&#039;visible&#039; height=&#039;100%&#039; viewBox=&#039;0 0 126 26&#039; fill=&#039;black&#039; stroke=&#039;none&#039;%3E%3Cpath d=&#039;M10.7,6l2.5,2.6l-4,4.3l4,5.4l-2.5,1.9l-4.5-5.2l-3.9,4.2L0.7,17L4,13.1L0,8.6l2.3-1.3l3.9,3.9L10.7,6z M23.9,6.6l4.2,4.5L32,7.2l2.3,1.3l-4,4.5l3.2,3.9L32,19.1l-3.9-3.3l-4.5,4.3l-2.5-1.9l4.4-5.1l-4.2-3.9L23.9,6.6zM73.5,6L76,8.6l-4,4.3l4,5.4l-2.5,1.9l-4.5-5.2l-3.9,4.2L63.5,17l4.1-4.7L63.5,8l2.3-1.3l4.1,3.6L73.5,6z M94,6l2.5,2.6l-4,4.3l4,5.4L94,20.1l-3.9-5l-3.9,4.2L84,17l3.2-3.9L84,8.6l2.3-1.3l3.2,3.9L94,6z M106.9,6l4.5,5.1l3.9-3.9l2.3,1.3l-4,4.5l3.2,3.9l-1.6,2.1l-3.9-4.2l-4.5,5.2l-2.5-1.9l4-5.4l-4-4.3L106.9,6z M53.1,6l2.5,2.6l-4,4.3l4,4.6l-2.5,1.9l-4.5-4.5l-3.5,4.5L43.1,17l3.2-3.9l-4-4.5l2.3-1.3l3.9,3.9L53.1,6z&#039;\/%3E%3C\/svg%3E&quot;);\">\n\t\t\t<span class=\"elementor-divider-separator\">\n\t\t\t\t\t\t<\/span>\n\t\t<\/div>\n\t\t\t\t\t\t<\/div>\n\t\t\t\t<div class=\"elementor-element elementor-element-60da316 elementor-widget elementor-widget-text-editor\" data-id=\"60da316\" data-element_type=\"widget\" data-e-type=\"widget\" data-widget_type=\"text-editor.default\">\n\t\t\t\t\t\t\t\t\t<p><strong>Application Period<\/strong><br \/>17 August, 8:00 AM \u2013 23 August 2026, 23:30 PM<\/p>\t\t\t\t\t\t\t\t<\/div>\n\t\t\t\t<div class=\"elementor-element elementor-element-1b8c86e evgolyaja-box elementor-widget elementor-widget-text-editor\" data-id=\"1b8c86e\" data-element_type=\"widget\" data-e-type=\"widget\" data-widget_type=\"text-editor.default\">\n\t\t\t\t\t\t\t\t\t<article class=\"text-token-text-primary w-full focus:outline-none scroll-mt-[calc(var(--header-height)+min(200px,max(70px,20svh)))]\" dir=\"auto\" tabindex=\"-1\" data-testid=\"conversation-turn-14\" data-scroll-anchor=\"false\" data-turn=\"assistant\">\n<p class=\"PDq2pG_selectionAnchorContainer\" data-start=\"0\" data-end=\"184\">On <strong data-start=\"3\" data-end=\"24\">16 September 2026<\/strong>, yoUDay celebrates its <strong data-start=\"48\" data-end=\"68\">10th anniversary<\/strong> with a spectacular stadium show bringing together the countries, cultures and people of the University of Debrecen.<\/p>\n<p data-start=\"186\" data-end=\"443\" data-is-last-node=\"\" data-is-only-node=\"\">We are looking for students to take part in our special <strong data-start=\"242\" data-end=\"262\">We Are the World<\/strong> production \u2014 as <strong data-start=\"279\" data-end=\"348\">lead vocalists, solo singers, choir members or video participants<\/strong>. Apply below and show us your talent, your story and why you chose the University of Debrecen.<\/p><p data-start=\"186\" data-end=\"443\" data-is-last-node=\"\" data-is-only-node=\"\">This page is intentionally available in English only, as the project brings together students from different countries and cultures \u2014 including both Hungarian and international students.<\/p>\n<\/article>\t\t\t\t\t\t\t\t<\/div>\n\t\t\t\t<div class=\"elementor-element elementor-element-9ef71bd elementor-widget__width-inherit elementor-widget elementor-widget-wpforms\" data-id=\"9ef71bd\" data-element_type=\"widget\" data-e-type=\"widget\" data-widget_type=\"wpforms.default\">\n\t\t\t\t<div class=\"elementor-widget-container\">\n\t\t\t\t\t<div class=\"wpforms-container wpforms-container-full wpforms-render-modern\" id=\"wpforms-9246\"><div class=\"wpforms-schedule-locked\" id=\"wpforms-locked-9246\"><div class=\"form-locked-message\"><div style=\"text-align: center;color: #000;background-color: #fff;padding: 20px\">\n<div style=\"font-size: 36px;color: #ffc107\">\u26a0<\/div>\n<p><strong>Dear Visitor!<\/strong><br \/>\nThe registration is currently <strong>closed<\/strong>.<br \/>\nPlease check back at the <strong>date and time mentioned above<\/strong> when the form will become available again!<\/p>\n<p>If you have any questions or feedback, please <strong>contact us via the Contact menu<\/strong>.<\/p>\n<\/div>\n<\/div><\/div><\/div>  <!-- .wpforms-container -->\t\t\t\t<\/div>\n\t\t\t\t<\/div>\n\t\t\t\t<div class=\"elementor-element elementor-element-1a7db75 evgolyaja-box elementor-widget elementor-widget-text-editor\" data-id=\"1a7db75\" data-element_type=\"widget\" data-e-type=\"widget\" data-widget_type=\"text-editor.default\">\n\t\t\t\t\t\t\t\t\t<p><strong>Figyelem, amennyiben probl\u00e9m\u00e1ba \u00fctk\u00f6z\u00f6l a form bek\u00fcld\u00e9s\u00e9n\u00e9l, k\u00e9rj\u00fck, hogy <a href=\"mailto:szervezes@youday.hu\">\u00edrj levelet yoUDay Szervez\u0151i csapat\u00e1nak<\/a>!<\/strong><\/p>\t\t\t\t\t\t\t\t<\/div>\n\t\t\t\t\t<\/div>\n\t\t\t\t<\/div>\n\t\t\t\t<\/div>\n\t\t","protected":false},"excerpt":{"rendered":"<p>Be Part of \u201cWe Are the World\u201d at yoUDay 2026 Application Period17 August, 8:00 AM \u2013 23 August 2026, 23:30 PM On 16 September 2026, yoUDay celebrates its 10th anniversary with a spectacular stadium show bringing together the countries, cultures and people of the University of Debrecen. We are looking for students to take part [&hellip;]<\/p>\n","protected":false},"author":1,"featured_media":0,"parent":0,"menu_order":0,"comment_status":"closed","ping_status":"closed","template":"elementor_header_footer","meta":{"footnotes":""},"class_list":["post-9270","page","type-page","status-publish","hentry","entry"],"_links":{"self":[{"href":"https:\/\/youday.hu\/en\/wp-json\/wp\/v2\/pages\/9270","targetHints":{"allow":["GET"]}}],"collection":[{"href":"https:\/\/youday.hu\/en\/wp-json\/wp\/v2\/pages"}],"about":[{"href":"https:\/\/youday.hu\/en\/wp-json\/wp\/v2\/types\/page"}],"author":[{"embeddable":true,"href":"https:\/\/youday.hu\/en\/wp-json\/wp\/v2\/users\/1"}],"replies":[{"embeddable":true,"href":"https:\/\/youday.hu\/en\/wp-json\/wp\/v2\/comments?post=9270"}],"version-history":[{"count":16,"href":"https:\/\/youday.hu\/en\/wp-json\/wp\/v2\/pages\/9270\/revisions"}],"predecessor-version":[{"id":9453,"href":"https:\/\/youday.hu\/en\/wp-json\/wp\/v2\/pages\/9270\/revisions\/9453"}],"wp:attachment":[{"href":"https:\/\/youday.hu\/en\/wp-json\/wp\/v2\/media?parent=9270"}],"curies":[{"name":"wp","href":"https:\/\/api.w.org\/{rel}","templated":true}]}}

<div data-elementor-type="wp-page" data-elementor-id="9270" class="elementor elementor-9270" data-elementor-post-type="page">
				<div class="elementor-element elementor-element-12a4720 e-flex e-con-boxed e-con e-parent" data-id="12a4720" data-element_type="container" data-e-type="container" data-settings="{&quot;background_background&quot;:&quot;classic&quot;}">
					<div class="e-con-inner">
				<div class="elementor-element elementor-element-3d00190 elementor-widget elementor-widget-heading" data-id="3d00190" data-element_type="widget" data-e-type="widget" data-widget_type="heading.default">
					<h2 class="elementor-heading-title elementor-size-default">Be Part of “We Are the World” at yoUDay 2026</h2>				</div>
				<div class="elementor-element elementor-element-6050f62 elementor-widget-divider--separator-type-pattern elementor-widget-divider--no-spacing elementor-widget-divider--view-line elementor-widget elementor-widget-divider" data-id="6050f62" data-element_type="widget" data-e-type="widget" data-widget_type="divider.default">
							<div class="elementor-divider" style="--divider-pattern-url: url(&quot;data:image/svg+xml,%3Csvg xmlns=&#039;http://www.w3.org/2000/svg&#039; preserveAspectRatio=&#039;xMidYMid meet&#039; overflow=&#039;visible&#039; height=&#039;100%&#039; viewBox=&#039;0 0 126 26&#039; fill=&#039;black&#039; stroke=&#039;none&#039;%3E%3Cpath d=&#039;M10.7,6l2.5,2.6l-4,4.3l4,5.4l-2.5,1.9l-4.5-5.2l-3.9,4.2L0.7,17L4,13.1L0,8.6l2.3-1.3l3.9,3.9L10.7,6z M23.9,6.6l4.2,4.5L32,7.2l2.3,1.3l-4,4.5l3.2,3.9L32,19.1l-3.9-3.3l-4.5,4.3l-2.5-1.9l4.4-5.1l-4.2-3.9L23.9,6.6zM73.5,6L76,8.6l-4,4.3l4,5.4l-2.5,1.9l-4.5-5.2l-3.9,4.2L63.5,17l4.1-4.7L63.5,8l2.3-1.3l4.1,3.6L73.5,6z M94,6l2.5,2.6l-4,4.3l4,5.4L94,20.1l-3.9-5l-3.9,4.2L84,17l3.2-3.9L84,8.6l2.3-1.3l3.2,3.9L94,6z M106.9,6l4.5,5.1l3.9-3.9l2.3,1.3l-4,4.5l3.2,3.9l-1.6,2.1l-3.9-4.2l-4.5,5.2l-2.5-1.9l4-5.4l-4-4.3L106.9,6z M53.1,6l2.5,2.6l-4,4.3l4,4.6l-2.5,1.9l-4.5-4.5l-3.5,4.5L43.1,17l3.2-3.9l-4-4.5l2.3-1.3l3.9,3.9L53.1,6z&#039;/%3E%3C/svg%3E&quot;);">
			<span class="elementor-divider-separator">
						</span>
		</div>
						</div>
				<div class="elementor-element elementor-element-60da316 elementor-widget elementor-widget-text-editor" data-id="60da316" data-element_type="widget" data-e-type="widget" data-widget_type="text-editor.default">
									<p><strong>Application Period</strong><br />17 August, 8:00 AM – 23 August 2026, 23:30 PM</p>								</div>
				<div class="elementor-element elementor-element-1b8c86e evgolyaja-box elementor-widget elementor-widget-text-editor" data-id="1b8c86e" data-element_type="widget" data-e-type="widget" data-widget_type="text-editor.default">
									<article class="text-token-text-primary w-full focus:outline-none scroll-mt-[calc(var(--header-height)+min(200px,max(70px,20svh)))]" dir="auto" tabindex="-1" data-testid="conversation-turn-14" data-scroll-anchor="false" data-turn="assistant">
<p class="PDq2pG_selectionAnchorContainer" data-start="0" data-end="184">On <strong data-start="3" data-end="24">16 September 2026</strong>, yoUDay celebrates its <strong data-start="48" data-end="68">10th anniversary</strong> with a spectacular stadium show bringing together the countries, cultures and people of the University of Debrecen.</p>
<p data-start="186" data-end="443" data-is-last-node="" data-is-only-node="">We are looking for students to take part in our special <strong data-start="242" data-end="262">We Are the World</strong> production — as <strong data-start="279" data-end="348">lead vocalists, solo singers, choir members or video participants</strong>. Apply below and show us your talent, your story and why you chose the University of Debrecen.</p><p data-start="186" data-end="443" data-is-last-node="" data-is-only-node="">This page is intentionally available in English only, as the project brings together students from different countries and cultures — including both Hungarian and international students.</p>
</article>								</div>
				<div class="elementor-element elementor-element-9ef71bd elementor-widget__width-inherit elementor-widget elementor-widget-wpforms" data-id="9ef71bd" data-element_type="widget" data-e-type="widget" data-widget_type="wpforms.default">
				<div class="elementor-widget-container">
					<div class="wpforms-container wpforms-container-full wpforms-render-modern" id="wpforms-9246"><div class="wpforms-schedule-locked" id="wpforms-locked-9246"><div class="form-locked-message"><div style="text-align: center;color: #000;background-color: #fff;padding: 20px">
<div style="font-size: 36px;color: #ffc107">⚠</div>
<p><strong>Dear Visitor!</strong><br />
The registration is currently <strong>closed</strong>.<br />
Please check back at the <strong>date and time mentioned above</strong> when the form will become available again!</p>
<p>If you have any questions or feedback, please <strong>contact us via the Contact menu</strong>.</p>
</div>
</div></div></div>  <!-- .wpforms-container -->				</div>
				</div>
				<div class="elementor-element elementor-element-1a7db75 evgolyaja-box elementor-widget elementor-widget-text-editor" data-id="1a7db75" data-element_type="widget" data-e-type="widget" data-widget_type="text-editor.default">
									<p><strong>Figyelem, amennyiben problémába ütközöl a form beküldésénél, kérjük, hogy <a href="mailto:szervezes@youday.hu">írj levelet yoUDay Szervezői csapatának</a>!</strong></p>								</div>
					</div>
				</div>
				</div>
